{"id":29,"date":"2019-12-20T21:27:02","date_gmt":"2019-12-20T21:27:02","guid":{"rendered":"https:\/\/www.capricare.eu\/-hcp\/?page_id=29"},"modified":"2022-07-27T19:53:10","modified_gmt":"2022-07-27T19:53:10","slug":"politica-de-privacidad","status":"publish","type":"page","link":"https:\/\/www.capricare.com.mx\/hcp\/politica-de-privacidad\/","title":{"rendered":"Pol\u00edtica de privacidad"},"content":{"rendered":"[vc_row type=&#8221;full_width_content&#8221; full_screen_row_position=&#8221;middle&#8221; column_margin=&#8221;default&#8221; bg_color=&#8221;#e4f2e2&#8243; scene_position=&#8221;center&#8221; text_color=&#8221;dark&#8221; text_align=&#8221;left&#8221; id=&#8221;bread-note&#8221; overlay_strength=&#8221;0.3&#8243; shape_divider_position=&#8221;bottom&#8221; bg_image_animation=&#8221;none&#8221; shape_type=&#8221;&#8221;][vc_column column_padding=&#8221;no-extra-padding&#8221; column_padding_position=&#8221;all&#8221; background_color_opacity=&#8221;1&#8243; background_hover_color_opacity=&#8221;1&#8243; column_link_target=&#8221;_self&#8221; column_shadow=&#8221;none&#8221; column_border_radius=&#8221;none&#8221; width=&#8221;1\/1&#8243; tablet_width_inherit=&#8221;default&#8221; tablet_text_alignment=&#8221;default&#8221; phone_text_alignment=&#8221;default&#8221; overlay_strength=&#8221;0.3&#8243; column_border_width=&#8221;none&#8221; column_border_style=&#8221;solid&#8221; bg_image_animation=&#8221;none&#8221;][divider line_type=&#8221;No Line&#8221; custom_height=&#8221;20&#8243;][vc_column_text el_class=&#8221;note&#8221;]\n<h1>Pol\u00edtica de privacidad<\/h1>\n[\/vc_column_text][\/vc_column][\/vc_row][vc_row type=&#8221;full_width_background&#8221; full_screen_row_position=&#8221;middle&#8221; column_margin=&#8221;default&#8221; bg_color=&#8221;#e4f2e2&#8243; scene_position=&#8221;center&#8221; text_color=&#8221;dark&#8221; text_align=&#8221;left&#8221; top_padding=&#8221;80&#8243; class=&#8221;cc-terms&#8221; overlay_strength=&#8221;0.3&#8243; shape_divider_position=&#8221;bottom&#8221; bg_image_animation=&#8221;none&#8221; shape_type=&#8221;&#8221;][vc_column column_padding=&#8221;no-extra-padding&#8221; column_padding_position=&#8221;all&#8221; background_color_opacity=&#8221;1&#8243; background_hover_color_opacity=&#8221;1&#8243; column_link_target=&#8221;_self&#8221; column_shadow=&#8221;none&#8221; column_border_radius=&#8221;none&#8221; width=&#8221;1\/1&#8243; tablet_width_inherit=&#8221;default&#8221; tablet_text_alignment=&#8221;default&#8221; phone_text_alignment=&#8221;default&#8221; overlay_strength=&#8221;0.3&#8243; column_border_width=&#8221;none&#8221; column_border_style=&#8221;solid&#8221; bg_image_animation=&#8221;none&#8221;][divider line_type=&#8221;No Line&#8221; custom_height=&#8221;40&#8243;][vc_column_text]Capricare<sup>\u00ae<\/sup> se compromete a asegurar la confidencialidad y privacidad de la informaci\u00f3n personal obtenida a trav\u00e9s de sus servicios en l\u00ednea. Le sugerimos leer la normativa descrita a continuaci\u00f3n, para entender el tratamiento de su informaci\u00f3n personal cuando utiliza nuestros servicios en los sitios de Capricare<sup>\u00ae<\/sup>. Estas normas de confidencialidad pueden tener cambios en el futuro, por lo que se recomienda revisarlas peri\u00f3dicamente.<\/p>\n<p><strong>1.- Tipo de informaci\u00f3n personal que se obtiene<\/strong><br \/>\nEn Capricare<sup>\u00ae<\/sup> recogemos informaci\u00f3n de diferentes maneras y desde varias \u00e1reas de nuestro sitio web. Se encuentra sujeta a las normas de confidencialidad y privacidad toda aquella informaci\u00f3n personal que el usuario ingresa voluntariamente a nuestro sitio, la creaci\u00f3n del perfil personal, la inscripci\u00f3n al servicio de notificaci\u00f3n de ofertas especiales a trav\u00e9s de correo electr\u00f3nico, el registro a nuestros programas de lealtad, el env\u00edo de postales electr\u00f3nicas, as\u00ed como la informaci\u00f3n que ingresa durante su participaci\u00f3n en los concursos, rifas y encuestas en l\u00ednea que llevamos a cabo ocasionalmente. Para cada uno de estos programas, la informaci\u00f3n que se solicita es distinta y se almacena en bases de datos separadas.<br \/>\nContacto en l\u00ednea: la informaci\u00f3n solicitada en esta secci\u00f3n permite a Capricare<sup>\u00ae<\/sup> contactar a los clientes cuando sea necesario. Entre la informaci\u00f3n solicitada al usuario se encuentran: nombre, apellido, nombre de la compa\u00f1\u00eda donde trabaja, direcci\u00f3n, direcci\u00f3n de correo electr\u00f3nico y n\u00famero telef\u00f3nico.<br \/>\nLos usuarios pueden ser contactados por tel\u00e9fono, correo postal o correo electr\u00f3nico en caso de que se requiriera informaci\u00f3n adicional para completar alguna transacci\u00f3n.<br \/>\nPrograma de notificaci\u00f3n de ofertas a trav\u00e9s de correo electr\u00f3nico: la informaci\u00f3n que los visitantes nos proporcionan incluye: nombre, apellido, direcci\u00f3n de correo electr\u00f3nico, direcci\u00f3n, pa\u00eds, n\u00famero de tel\u00e9fono, etc. El usuario puede modificar esta informaci\u00f3n en cualquier momento y ser\u00e1 empleada para adecuar las promociones y avisos enviados a las preferencias indicadas por \u00e9l mismo<br \/>\nEnv\u00edo de postales electr\u00f3nicas: la informaci\u00f3n que los visitantes nos proporcionan incluye: nombre del remitente, direcci\u00f3n de correo electr\u00f3nico del remitente, nombre del destinatario, direcci\u00f3n de correo electr\u00f3nico del destinatario, pa\u00eds, sexo y c\u00f3digo postal. Esta informaci\u00f3n ser\u00e1 empleada para adecuar las promociones y avisos enviados al cliente.<br \/>\nDespu\u00e9s de que la informaci\u00f3n llega a Capricare<sup>\u00ae<\/sup>, \u00e9sta es almacenada en un servidor seguro que reside atr\u00e1s de un firewall dise\u00f1ado para obstaculizar el acceso desde afuera de la compa\u00f1\u00eda. Desafortunadamente, ninguna transmisi\u00f3n por Internet puede garantizar su seguridad al 100%. Por lo tanto, aunque Capricare<sup>\u00ae<\/sup> se esfuerce en proteger su informaci\u00f3n personal, no puede asegurar ni garantizar la seguridad en la transmisi\u00f3n de ninguna informaci\u00f3n relacionada con ninguno de nuestros servicios en l\u00ednea, por lo que usted corre su propio riesgo. Una vez recibidos los datos, haremos todo lo posible para salvaguardar su seguridad en nuestros sistemas. En este tema, el equipo de colaboradores de Capricare<sup>\u00ae<\/sup> ha enfocado sus esfuerzos para ofrecer la tecnolog\u00eda m\u00e1s moderna y actualizada a fin de ofrecerle la mayor seguridad posible.<\/p>\n<p><strong>2.- C\u00f3mo se utiliza su informaci\u00f3n personal<\/strong><br \/>\nCapricare<sup>\u00ae<\/sup> utiliza la informaci\u00f3n suministrada durante el proceso de registro de perfil, inscripci\u00f3n a alg\u00fan programa y promociones para realizar estudios internos sobre los datos demogr\u00e1ficos, intereses y comportamiento de nuestros usuarios (este estudio se compila y analiza en conjunto). El objetivo m\u00e1s importante de Capricare<sup>\u00ae<\/sup> al recoger datos personales es entender y proporcionar al usuario una experiencia m\u00e1s satisfactoria al visitar nuestros sitios y adquirir nuestros servicios, ya que al conocer m\u00e1s a nuestros visitantes, podemos proporcionarles productos acordes a sus necesidades, as\u00ed como contenido y publicidad m\u00e1s adecuados.<br \/>\nAl recabar los datos del usuario en l\u00ednea, podemos elaborar estad\u00edsticas internas que nos indiquen cu\u00e1les son los servicios y productos m\u00e1s apreciados por diferentes segmentos de usuarios, igualmente nos sirve para dar la formalidad debida al proceso transaccional<br \/>\nEn nuestro programa de notificaci\u00f3n de ofertas a trav\u00e9s de correo electr\u00f3nico, s\u00f3lo Capricare<sup>\u00ae<\/sup> tiene acceso a la informaci\u00f3n recabada. Este tipo de publicidad se realiza mediante avisos y mensajes promocionales de correo electr\u00f3nico, los cuales s\u00f3lo ser\u00e1n enviados a usted, si al momento de registrarse usted indic\u00f3 que desear\u00eda recibirlos, esta indicaci\u00f3n podr\u00e1 usted modificarla en cualquier momento. En los correos electr\u00f3nicos enviados, pueden incluirse ocasionalmente ofertas de terceras partes que sean nuestros socios comerciales.<br \/>\nAdem\u00e1s de solicitar informaci\u00f3n durante los procesos de registro antes mencionados, le podremos solicitar informaci\u00f3n personal en otras ocasiones como, por ejemplo, al participar en un concurso o en cualquier promoci\u00f3n de nuestro sitio y al notificarnos sobre un problema con nuestro sitio o servicios. Capricare<sup>\u00ae<\/sup> tambi\u00e9n suele hacer encuestas entre sus usuarios en l\u00ednea, cuyas respuestas son utilizadas en estudios internos.<\/p>\n<p><strong>3.- Confidencialidad de la informaci\u00f3n<\/strong><br \/>\nCuando se encuentre en el sitio de Capricare<sup>\u00ae<\/sup> y le pidan datos personales, usted compartir\u00e1 la informaci\u00f3n s\u00f3lo con Capricare<sup>\u00ae<\/sup>, salvo que se especifique lo contrario.<br \/>\nCapricare<sup>\u00ae<\/sup> no compartir\u00e1 la informaci\u00f3n confidencial con terceras partes, excepto que tenga expresa autorizaci\u00f3n de quienes se suscribieron, o cuando haya sido requerido por orden judicial para cumplir con las disposiciones procesales.<br \/>\nCapricare<sup>\u00ae<\/sup> no vende ni alquila la informaci\u00f3n de los usuarios. Si los datos personales del usuario debieran ser compartidos con socios comerciales o patrocinantes, el usuario ser\u00e1 notificado antes que \u00e9stos sean recogidos o transferidos. Si el usuario no desea que sus datos sean compartidos, puede decidir no utilizar un servicio determinado o no participar en algunas promociones o concursos.<br \/>\nCapricare<sup>\u00ae<\/sup> puede difundir las estad\u00edsticas en conjunto de los usuarios (por ejemplo, el porcentaje de nuestros usuarios que son hombres o mayores a determinada edad, etc.) para describir nuestros servicios y para otros prop\u00f3sitos l\u00edcitos en los casos que marque la ley<br \/>\nCapricare<sup>\u00ae<\/sup> puede difundir la informaci\u00f3n de la cuenta en casos especiales cuando pensemos que proporcionar esta informaci\u00f3n puede servir para identificar, localizar o realizar acciones legales contra personas que pudiesen infringir las condiciones del servicio del sitios de Capricare<sup>\u00ae<\/sup>, o causar da\u00f1os o interferencia sobre los derechos de Capricare<sup>\u00ae<\/sup> o sus propiedades, de otros usuarios del sitios de Capricare<sup>\u00ae<\/sup> o de cualquier otra persona que pudiese resultar perjudicada por dichas actividades. Capricare<sup>\u00ae<\/sup> puede difundir u obtener acceso a la informaci\u00f3n de cuenta cuando, actuando de buena fe, creamos que es necesario por razones legales, administrativas o de otra \u00edndole y lo consideremos necesario para mantener, proporcionar y desarrollar nuestros productos y servicios.<br \/>\nCapricare<sup>\u00ae<\/sup> no asume ninguna obligaci\u00f3n de mantener confidencial cualquier otra informaci\u00f3n que el usuario proporcione, incluyendo aquella informaci\u00f3n que el usuario proporcione a trav\u00e9s de boletines y pl\u00e1ticas en l\u00ednea (chats), lo anterior en t\u00e9rminos de lo establecido en el art\u00edculo 109 de la Ley Federal de los Derechos de Autor y de la fracci\u00f3n I, del art\u00edculo 76 bis de la Ley Federal de Protecci\u00f3n al Consumidor<\/p>\n<p><strong>4.- Modificaci\u00f3n \/ actualizaci\u00f3n de la informaci\u00f3n<\/strong><br \/>\nLos datos personales proporcionados por el usuario formar\u00e1n parte de un archivo que contendr\u00e1 su perfil. El usuario puede modificar su perfil en cualquier momento utilizando su n\u00famero de usuario\/socio y su n\u00famero de identificaci\u00f3n personal asignado o que \u00e9l mismo eligi\u00f3.<br \/>\nCapricare<sup>\u00ae<\/sup> aconseja al usuario que actualice sus datos cada vez que \u00e9stos sufran alguna modificaci\u00f3n, ya que esto permitir\u00e1 brindarle un servicio m\u00e1s personalizado<br \/>\nSi usted participa en el servicio de promociones v\u00eda correo electr\u00f3nico podr\u00e1 en cualquier momento desactivar el servicio.<\/p>\n<p><strong>5.- Protecci\u00f3n de la informaci\u00f3n personal<\/strong><br \/>\nLa informaci\u00f3n proporcionada por el usuario est\u00e1 asegurada por un n\u00famero de identificaci\u00f3n personal, al cual s\u00f3lo el usuario podr\u00e1 acceder y del cual s\u00f3lo \u00e9l tiene conocimiento.<br \/>\nLe recomendamos que no revele su contrase\u00f1a a nadie. Capricare<sup>\u00ae<\/sup> no solicitar\u00e1 su contrase\u00f1a en ninguna llamada telef\u00f3nica o mensaje de correo no solicitados. En todo momento, el usuario es el responsable \u00fanico y final de mantener en secreto su n\u00famero de usuario \/ socio, contrase\u00f1a personal, clave de acceso y n\u00famero confidencial con los cuales tenga acceso a los servicios y contenidos de nuestro sitio. Para disminuir los riesgos Capricare<sup>\u00ae<\/sup> recomienda al usuario salir de su cuenta y cerrar la ventana de su navegador cuando finalice su actividad, m\u00e1s a\u00fan si comparte su computadora con alguien o utiliza una computadora en un lugar p\u00fablico como una biblioteca o un caf\u00e9 Internet.<br \/>\nUna vez recibidos los datos, haremos todo lo posible para salvaguardar su seguridad en nuestros sistemas. En este tema, el equipo de colaboradores de Capricare<sup>\u00ae<\/sup> ha enfocado sus esfuerzos para ofrecer la tecnolog\u00eda m\u00e1s moderna y actualizada a fin de ofrecerle la mayor seguridad posible.<\/p>\n<p><strong>6.- Confidencialidad de los menores<\/strong><br \/>\nLa salvaguarda de la informaci\u00f3n personal infantil es extremadamente importante. Capricare<sup>\u00ae<\/sup> recauda el m\u00ednimo indispensable de esa informaci\u00f3n necesaria para brindar sus servicios.<br \/>\nCapricare<sup>\u00ae<\/sup> no solicita informaci\u00f3n de identificaci\u00f3n personal a los menores. Los menores siempre deben solicitar permiso a sus padres antes de enviar informaci\u00f3n personal a otro usuario que se encuentre en l\u00ednea.<\/p>\n<p><strong>7.- Aceptaci\u00f3n de los t\u00e9rminos<\/strong><br \/>\nEsta declaraci\u00f3n de Confidencialidad\/ Privacidad est\u00e1 sujeta a los t\u00e9rminos y condiciones de Capricare<sup>\u00ae<\/sup>, lo cual constituye un acuerdo legal entre el usuario y Capricare<sup>\u00ae<\/sup>.<br \/>\nSi el usuario utiliza los servicios de Capricare<sup>\u00ae<\/sup> en cualquiera de sus sitios, significa que ha le\u00eddo, entendido y acordado los t\u00e9rminos antes expuestos. Si no est\u00e1 de acuerdo con ellos, el usuario no deber\u00e1 proporcionar ninguna informaci\u00f3n personal, ni utilizar los servicios de los sitios de Capricare<sup>\u00ae<\/sup>.[\/vc_column_text][divider line_type=&#8221;No Line&#8221; custom_height=&#8221;80&#8243;][\/vc_column][\/vc_row]\n","protected":false},"excerpt":{"rendered":"<p>[vc_row type=&#8221;full_width_content&#8221; full_screen_row_position=&#8221;middle&#8221; column_margin=&#8221;default&#8221; bg_color=&#8221;#e4f2e2&#8243; scene_position=&#8221;center&#8221; text_color=&#8221;dark&#8221; text_align=&#8221;left&#8221; id=&#8221;bread-note&#8221; overlay_strength=&#8221;0.3&#8243; shape_divider_position=&#8221;bottom&#8221; bg_image_animation=&#8221;none&#8221; shape_type=&#8221;&#8221;][vc_column column_padding=&#8221;no-extra-padding&#8221; column_padding_position=&#8221;all&#8221; background_color_opacity=&#8221;1&#8243; background_hover_color_opacity=&#8221;1&#8243; column_link_target=&#8221;_self&#8221; column_shadow=&#8221;none&#8221; column_border_radius=&#8221;none&#8221; width=&#8221;1\/1&#8243; tablet_width_inherit=&#8221;default&#8221; tablet_text_alignment=&#8221;default&#8221; phone_text_alignment=&#8221;default&#8221; overlay_strength=&#8221;0.3&#8243; column_border_width=&#8221;none&#8221; column_border_style=&#8221;solid&#8221; bg_image_animation=&#8221;none&#8221;][divider line_type=&#8221;No Line&#8221;&#8230;<\/p>\n","protected":false},"author":1,"featured_media":0,"parent":0,"menu_order":0,"comment_status":"closed","ping_status":"closed","template":"","meta":[],"yoast_head":"<!-- This site is optimized with the Yoast SEO plugin v21.1 - https:\/\/yoast.com\/wordpress\/plugins\/seo\/ -->\n<title>Pol\u00edtica de privacidad - Capricare Mexico HCP<\/title>\n<meta name=\"description\" content=\"To assist you with customer service queries we ask you to provide customer service information about our products or using our products.\" \/>\n<meta name=\"robots\" content=\"index, follow, max-snippet:-1, max-image-preview:large, max-video-preview:-1\" \/>\n<link rel=\"canonical\" href=\"https:\/\/www.capricare.com.mx\/hcp\/politica-de-privacidad\/\" \/>\n<meta property=\"og:locale\" content=\"en_US\" \/>\n<meta property=\"og:type\" content=\"article\" \/>\n<meta property=\"og:title\" content=\"Pol\u00edtica de privacidad - Capricare Mexico HCP\" \/>\n<meta property=\"og:description\" content=\"To assist you with customer service queries we ask you to provide customer service information about our products or using our products.\" \/>\n<meta property=\"og:url\" content=\"https:\/\/www.capricare.com.mx\/hcp\/politica-de-privacidad\/\" \/>\n<meta property=\"og:site_name\" content=\"Capricare Mexico HCP\" \/>\n<meta property=\"article:modified_time\" content=\"2022-07-27T19:53:10+00:00\" \/>\n<meta name=\"twitter:card\" content=\"summary_large_image\" \/>\n<meta name=\"twitter:label1\" content=\"Est. reading time\" \/>\n\t<meta name=\"twitter:data1\" content=\"6 minutes\" \/>\n<script type=\"application\/ld+json\" class=\"yoast-schema-graph\">{\"@context\":\"https:\/\/schema.org\",\"@graph\":[{\"@type\":\"WebPage\",\"@id\":\"https:\/\/www.capricare.com.mx\/hcp\/politica-de-privacidad\/\",\"url\":\"https:\/\/www.capricare.com.mx\/hcp\/politica-de-privacidad\/\",\"name\":\"Pol\u00edtica de privacidad - Capricare Mexico HCP\",\"isPartOf\":{\"@id\":\"https:\/\/www.capricare.com.mx\/hcp\/#website\"},\"datePublished\":\"2019-12-20T21:27:02+00:00\",\"dateModified\":\"2022-07-27T19:53:10+00:00\",\"description\":\"To assist you with customer service queries we ask you to provide customer service information about our products or using our products.\",\"breadcrumb\":{\"@id\":\"https:\/\/www.capricare.com.mx\/hcp\/politica-de-privacidad\/#breadcrumb\"},\"inLanguage\":\"en-NZ\",\"potentialAction\":[{\"@type\":\"ReadAction\",\"target\":[\"https:\/\/www.capricare.com.mx\/hcp\/politica-de-privacidad\/\"]}]},{\"@type\":\"BreadcrumbList\",\"@id\":\"https:\/\/www.capricare.com.mx\/hcp\/politica-de-privacidad\/#breadcrumb\",\"itemListElement\":[{\"@type\":\"ListItem\",\"position\":1,\"name\":\"Home\",\"item\":\"https:\/\/www.capricare.com.mx\/hcp\/\"},{\"@type\":\"ListItem\",\"position\":2,\"name\":\"Pol\u00edtica de privacidad\"}]},{\"@type\":\"WebSite\",\"@id\":\"https:\/\/www.capricare.com.mx\/hcp\/#website\",\"url\":\"https:\/\/www.capricare.com.mx\/hcp\/\",\"name\":\"Capricare Mexico HCP\",\"description\":\"\",\"potentialAction\":[{\"@type\":\"SearchAction\",\"target\":{\"@type\":\"EntryPoint\",\"urlTemplate\":\"https:\/\/www.capricare.com.mx\/hcp\/?s={search_term_string}\"},\"query-input\":\"required name=search_term_string\"}],\"inLanguage\":\"en-NZ\"}]}<\/script>\n<!-- \/ Yoast SEO plugin. -->","yoast_head_json":{"title":"Pol\u00edtica de privacidad - Capricare Mexico HCP","description":"To assist you with customer service queries we ask you to provide customer service information about our products or using our products.","robots":{"index":"index","follow":"follow","max-snippet":"max-snippet:-1","max-image-preview":"max-image-preview:large","max-video-preview":"max-video-preview:-1"},"canonical":"https:\/\/www.capricare.com.mx\/hcp\/politica-de-privacidad\/","og_locale":"en_US","og_type":"article","og_title":"Pol\u00edtica de privacidad - Capricare Mexico HCP","og_description":"To assist you with customer service queries we ask you to provide customer service information about our products or using our products.","og_url":"https:\/\/www.capricare.com.mx\/hcp\/politica-de-privacidad\/","og_site_name":"Capricare Mexico HCP","article_modified_time":"2022-07-27T19:53:10+00:00","twitter_card":"summary_large_image","twitter_misc":{"Est. reading time":"6 minutes"},"schema":{"@context":"https:\/\/schema.org","@graph":[{"@type":"WebPage","@id":"https:\/\/www.capricare.com.mx\/hcp\/politica-de-privacidad\/","url":"https:\/\/www.capricare.com.mx\/hcp\/politica-de-privacidad\/","name":"Pol\u00edtica de privacidad - Capricare Mexico HCP","isPartOf":{"@id":"https:\/\/www.capricare.com.mx\/hcp\/#website"},"datePublished":"2019-12-20T21:27:02+00:00","dateModified":"2022-07-27T19:53:10+00:00","description":"To assist you with customer service queries we ask you to provide customer service information about our products or using our products.","breadcrumb":{"@id":"https:\/\/www.capricare.com.mx\/hcp\/politica-de-privacidad\/#breadcrumb"},"inLanguage":"en-NZ","potentialAction":[{"@type":"ReadAction","target":["https:\/\/www.capricare.com.mx\/hcp\/politica-de-privacidad\/"]}]},{"@type":"BreadcrumbList","@id":"https:\/\/www.capricare.com.mx\/hcp\/politica-de-privacidad\/#breadcrumb","itemListElement":[{"@type":"ListItem","position":1,"name":"Home","item":"https:\/\/www.capricare.com.mx\/hcp\/"},{"@type":"ListItem","position":2,"name":"Pol\u00edtica de privacidad"}]},{"@type":"WebSite","@id":"https:\/\/www.capricare.com.mx\/hcp\/#website","url":"https:\/\/www.capricare.com.mx\/hcp\/","name":"Capricare Mexico HCP","description":"","potentialAction":[{"@type":"SearchAction","target":{"@type":"EntryPoint","urlTemplate":"https:\/\/www.capricare.com.mx\/hcp\/?s={search_term_string}"},"query-input":"required name=search_term_string"}],"inLanguage":"en-NZ"}]}},"_links":{"self":[{"href":"https:\/\/www.capricare.com.mx\/hcp\/wp-json\/wp\/v2\/pages\/29"}],"collection":[{"href":"https:\/\/www.capricare.com.mx\/hcp\/wp-json\/wp\/v2\/pages"}],"about":[{"href":"https:\/\/www.capricare.com.mx\/hcp\/wp-json\/wp\/v2\/types\/page"}],"author":[{"embeddable":true,"href":"https:\/\/www.capricare.com.mx\/hcp\/wp-json\/wp\/v2\/users\/1"}],"replies":[{"embeddable":true,"href":"https:\/\/www.capricare.com.mx\/hcp\/wp-json\/wp\/v2\/comments?post=29"}],"version-history":[{"count":8,"href":"https:\/\/www.capricare.com.mx\/hcp\/wp-json\/wp\/v2\/pages\/29\/revisions"}],"predecessor-version":[{"id":1251,"href":"https:\/\/www.capricare.com.mx\/hcp\/wp-json\/wp\/v2\/pages\/29\/revisions\/1251"}],"wp:attachment":[{"href":"https:\/\/www.capricare.com.mx\/hcp\/wp-json\/wp\/v2\/media?parent=29"}],"curies":[{"name":"wp","href":"https:\/\/api.w.org\/{rel}","templated":true}]}}